 46. What are the prime factors of n?
2
Let y be 8/(-14)*(-14)/4. Suppose 0*s + y*s = 10. What are the prime factors of s?
5
Let r = -3 + 3. Suppose 0*h - 3*h = r. Suppose -8 = -v - z, h*v + 2*v - 16 = z. List the prime factors of v.
2
Suppose -52 = -c + 5*j, 335 - 129 = 5*c + 2*j. Suppose 57 = 4*g - 5*q + 3, q = -4*g + c. List the prime factors of g.
11
Let b be -1 + (-2 - 3*-1). Let w(r) = r**2 - r + 41. Let v be w(b). Suppose 5*l - 19 = v. What are the prime factors of l?
2, 3
Let m(t) = -2*t**3 + 3*t + 1. Let v be m(-2). Let z = v - 8. List the prime factors of z.
3
Let u be (-12)/(-9)*30/4. Suppose -4*d - u - 38 = 0. What are the prime factors of ((-12)/(-2))/((-8)/d)?
3
List the prime factors of (6/4)/(24/352).
2, 11
Let g(y) = -y + 6. Let m be g(9). Let l = 62 - 87. List the prime factors of l/m - (-2)/3.
3
Let v(u) = -1. Let m(j) = j**2 - 5*j + 3. Let a(i) = m(i) + 2*v(i). Let b be a(4). What are the prime factors of (-5 + -1)*b/2?
3
Suppose -5*c = -6*c + 3. What are the prime factors of c?
3
Let u = -62 - -202. What are the prime factors of u?
2, 5, 7
Suppose -12*o + 2*o + 200 = 0. What are the prime factors of o?
2, 5
Let q = -15 - -17. Suppose 0*g - 22 = -q*y + g, -2*g = y - 16. List the prime factors of y.
2, 3
Let q(w) = -w**3 + 8*w**2 - 8*w + 7. Let r be q(7). Let h(m) = m**3 - m**2 + 13. List the prime factors of h(r).
13
Suppose 0 = -2*w - 2*v - 2*v + 92, -3*w + 3*v + 111 = 0. List the prime factors of w.
2, 5
Let m = -15 + 75. Suppose -5*l + 2*l + m = 0. What are the prime factors of l?
2, 5
Let z = 7 + -4. Suppose 4*k = z*k. Suppose k = -5*u + 25. What are the prime factors of u?
5
Suppose -5*k - 15 = 0, 33 = 3*r + k + 2*k. Suppose -r*l = -11*l - 123. List the prime factors of l.
41
Let r(o) = -2*o**2. Let v be r(7). Let y = -65 - v. What are the prime factors of y?
3, 11
Let k = 112 + -88. List the prime factors of k.
2, 3
Suppose -4*c = -4*h + 564, 4*h + c = 3*c + 554. What are the prime factors of h?
2, 17
Let u(y) = 115*y. Let q be u(1). Suppose 0*b = 5*v + 5*b - q, 101 = 3*v - 5*b. What are the prime factors of v?
3
Suppose 2*c - 2*w - 42 = -6*w, 3*w = 5*c - 144. Suppose -2*q - 21 = 11. Let t = q + c. What are the prime factors of t?
11
Suppose 5*m - 289 = t + 204, 0 = 5*m + 2*t - 484. List the prime factors of m.
2, 7
Let i be (0 + 4 - 3)*0. List the prime factors of 5 + -2 + (i - -2).
5
What are the prime factors of (-12 + 15)/((-3)/(-82))?
2, 41
Suppose 2*g = -4*q + 15 - 5, 0 = 4*q + 5*g - 1. Let l be 2 - (-3 - (-1 + -1)). Suppose o - 3*d = 21, 2*o + 26 = l*o - q*d. What are the prime factors of o?
2, 3
Suppose g - 3*u + 29 = 0, 5*g + 2*u = -41 - 53. Let c = g + 39. What are the prime factors of c?
19
Suppose m - 303 + 91 = 5*u, -4*m + 899 = -3*u. What are the prime factors of m?
227
Let i(d) = d**3 - 7*d**2 + 2*d**2 - 2*d - 4*d. Let c be i(6). List the prime factors of -5*((c - 1) + 0).
5
Suppose -z - 5*a = -10 - 73, -3*a = -z + 99. List the prime factors of z.
3, 31
Suppose 3*r = -4*u + 16, -4*r + 6*r + 3*u = 12. Suppose r = 2*o + 3*o - 40. List the prime factors of o.
2
Let l be (4/(-3))/(6/(-9)). Let b = 8 + l. List the prime factors of b.
2, 5
Let a = -18 - -13. Let m = a + 8. Suppose 5*n = 3*j + 55, -j = 3*n + m*j - 33. List the prime factors of n.
11
Let k = -29 - -53. Suppose 0 = 4*c + 3*o - 24, 0 = 6*c - 2*c + 2*o - k. What are the prime factors of c?
2, 3
What are the prime factors of -2*46/(2 + (-1 - 2))?
2, 23
Suppose 2*q + 2*v = -v + 1, -1 = 3*q + 2*v. Let b be 12/(-8)*(q + -1). Suppose -n - b*h - 7 = 0, -3*n - 3*h + 1 = -2. List the prime factors of n.
5
Suppose u - 21 - 23 = 0. What are the prime factors of u?
2, 11
What are the prime factors of (-60)/8*12/(-10)?
3
Let d be (-114)/(-27) - (-4)/(-18). Suppose -1 = -3*l - d*x, x = 4*l - 25 - 8. List the prime factors of l.
7
Suppose 3*a = -5*v + 50, -5*a = v + v - 58. Let q = 17 - a. What are the prime factors of q?
7
Let w = 32 - 18. List the prime factors of w.
2, 7
Let d = -6 + 26. What are the prime factors of d?
2, 5
Suppose -2*k = 4 - 2. Let g be ((-2)/2)/(-1)*-15. What are the prime factors of (24/g)/(k/5)?
2
Suppose -4*a = -2*a - 10, 4*f - 2*a = -6. Let z be (-2)/(f - 33/27). Suppose 4 = -g + z. What are the prime factors of g?
5
Let b be 15/10*(-62)/3. Let v = -43 - b. What are the prime factors of ((-52)/6)/(v/18)?
13
Suppose -2*l = l - 15. Suppose j - 5*a + 62 = 4*j, 92 = l*j - 3*a. Suppose -c + 1 = g, c - 5*g = -2*c + j. What are the prime factors of c?
3
Suppose 0 = 6*b - 3*b + 9. List the prime factors of 62/6 + 1/b.
2, 5
Suppose 3*c + 4*g - 126 = 0, 4*c = -g + 3*g + 190. List the prime factors of c - (-4 + 7) - -1.
2, 11
Suppose -20 = 2*h - 6*h. Let p(a) = a**2 + a. Let m be p(-2). Suppose -39 = -3*u + h*x, 10 + 8 = 3*u + m*x. What are the prime factors of u?
2
Let b = -31 + 19. Suppose -l + 19 = 2*k - 31, -53 = -3*k + 4*l. Let n = k + b. What are the prime factors of n?
11
Let m = 31 + -18. Let o = 25 + -23. Suppose -o*w + m = 3. What are the prime factors of w?
5
Let v(g) = -g + 4. Let r be v(4). Suppose -10*a + 8*a + 38 = r. List the prime factors of a.
19
Let j be (-2)/(-2*(-3)/6). Let m be -3 - 1*j - -4. Suppose f + 12 = m*f. What are the prime factors of f?
2, 3
Suppose s + 4 = 3*s. Suppose -5*c + s*c = -15. Suppose -6*f = c*h - f - 80, -f - 50 = -5*h. What are the prime factors of h?
11
What are the prime factors of (-2895)/(-75) + 6/(-10)?
2, 19
Suppose -2*g - 165 = 5*n, 2*g + n = -3*n - 162. Let k = -43 - g. What are the prime factors of k?
2
Let w(k) be the second derivative of -3*k**2 - 3*k + 1/3*k**3 + 0. List the prime factors of w(9).
2, 3
Let j(s) be the first derivative of -s**3/3 - 4*s**2 - 5*s - 2. Let g be j(-7). Suppose -g*h = h - 27. What are the prime factors of h?
3
Suppose -w - 18 = 4*t, 5*t + 23 = w - 2*w. Suppose w*a + 1 = 17. List the prime factors of a.
2
Suppose -3*d - 75 = -3*j, 0 = -4*j - d + 6*d + 104. Let m = -2 + 2. Let o = m + j. What are the prime factors of o?
3, 7
Suppose -v - 82 - 16 = -2*i, 0 = 2*i - 4*v - 86. List the prime factors of i.
3, 17
Suppose 5*f - 112 = -n + 55, 4*f = n - 212. List the prime factors of n.
2, 3
Let o(y) = -y**3 - 3*y**2 - 8*y - 6. Let v be o(-5). Let q = v - 48. Suppose q = 3*g + g. What are the prime factors of g?
3
Suppose 13*k - 10*k - 264 = 0. List the prime factors of k.
2, 11
Let a(g) = -g**3 - 6*g**2 + 6*g - 7. Let y be a(-7). Suppose -2*r + 4*r - 16 = y. What are the prime factors of r?
2
Suppose -h - 5*v = -0*h - 29, 0 = 5*h - 2*v - 10. What are the prime factors of (-2)/h - 15/(-2)?
7
Let d(c) = -c**3 + 5*c - 2. Let h(w) = w**3 + w**2 - 9*w + 3. Let o(x) = -7*d(x) - 4*h(x). List the prime factors of o(2).
2, 3
Let t = 4 - 3. Let n = t - -1. What are the prime factors of n?
2
Suppose -5*a + 204 = a. What are the prime factors of a?
2, 17
Let i = 29 - -5. What are the prime factors of i?
2, 17
Let b be -1 + 1 + 2 + -2. Let h = b + 0. Suppose 0 = -3*k + 6 - h. List the prime factors of k.
2
Let h be 0/(-1) + 0 + 3. Let x = -111 - -101. What are the prime factors of ((-2 - 3) + h)*x?
2, 5
Let n = -6 - -9. Let m(p) = 4*p**2 - 2*p + n + p**3 + p + 2*p. What are the prime factors of m(-3)?
3
Let a(l) = -l**2 + 13*l + 1. Let s be a(6). Suppose 0 = -5*w - 15, 0 = -2*x + 5*w + s + 14. What are the prime factors of x?
3, 7
Let l = 0 - -6. Suppose o = -o + g - l, 0 = 2*o - 4*g. What are the prime factors of 13 - 2/o*2?
2, 7
Let r(p) = 2*p**2 - 3*p - 1. Let q = -5 - -8. List the prime factors of r(q).
2
Suppose -l + 18 = -11. Let p = l + 11. Suppose i = -4*i + p. What are the prime factors of i?
2
Suppose 0 = 6*u - 930 + 186. List the prime factors of u.
2, 31
Let i = 1 - 0. Let n(l) = l**2 - 5*l + 8 + 0*l**2 - i. List the prime factors of n(5).
7
Let p be -3 + 1 + 34 + 1. What are the prime factors of (-55)/p*36/(-2)?
2, 3, 5
Suppose -6 = 4*c - 5*c. What are the prime factors of c?
2, 3
Let h(k) = 3*k**3 - 2*k + 1. Let l be h(1). Let y be 1 - (-1 - l)/(-3). Let t(s) = s**3 - s**2 + 12. What are the prime factors of t(y)?
2, 3
Let c(o) = -3*o**3 + 252 - 8*o**2 + 2*o**3 - 243. Suppose -4*z - 24 = -z. What are the prime factors of c(z)?
3
What are the prime factors of (9 - -1)*(-25)/(-10)?
5
Let k(z) = z**2 - 4*z + 2. Let x(t) = -3*t**2 + 9*t - 5. Let u(d) = -7*k(d) - 3*x(d)